t is 1250 - 3666?
-2416
In base 12, what is 22610 - -17b?
2278b
In base 2, what is -10100 + 10000111111000111110?
10000111111000101010
In base 10, what is -604 + -73487?
-74091
In base 8, what is -6626 - -1362?
-5244
In base 3, what is -121202202000220 + 11?
-121202202000202
In base 10, what is 2 - -2118018?
2118020
In base 2, what is -1000110110 - 100001000011?
-101001111001
In base 2, what is 1010000 + 111001011000110010001111?
111001011000110011011111
In base 7, what is -3403656 + 1122?
-3402534
In base 11, what is -517957 - 0?
-517957
In base 3, what is 22212010000201 + -212?
22212002222212
In base 10, what is 79264817 + -7?
79264810
In base 13, what is 411b128 + -2?
411b126
In base 11, what is 60a58 + -513?
60545
In base 12, what is 186b + 42059?
43908
In base 7, what is 644364 - -15263?
662660
In base 12, what is -333850 + 21?
-33382b
In base 6, what is 200 + 430030?
430230
In base 8, what is -50 + -653035?
-653105
In base 11, what is -4 - a46665?
-a46669
In base 2, what is -10100 + 11011001010000110101011111?
11011001010000110101001011
In base 7, what is -33135 + 13463?
-16342
In base 9, what is -3 + -840503?
-840506
In base 10, what is -2 + 81180302?
81180300
In base 11, what is 3106898 - 31?
3106867
In base 5, what is -3232 + -2212244?
-2221031
In base 4, what is 11000013303110 - 11?
11000013303033
In base 12, what is 72a1 + b79?
825a
In base 2, what is -11010 - -110010100011111?
110010100000101
In base 3, what is 21202220 + 2111101?
101021021
In base 13, what is 1b658 - -c72?
1c5ca
In base 14, what is 0 + -59c464?
-59c464
In base 16, what is 4 - -14c3f02?
14c3f06
In base 7, what is -3563 - 22005?
-25601
In base 7, what is 2 + 1052014120?
1052014122
In base 9, what is 6 - 468600?
-468583
In base 3, what is -10222012010210020 - 0?
-10222012010210020
In base 10, what is -7 - 39534246?
-39534253
In base 2, what is 11011110010101011101 - 100?
11011110010101011001
In base 11, what is 122 - -aa57?
10079
In base 11, what is -5 + -484471?
-484476
In base 10, what is 143826 + 135?
143961
In base 3, what is 110200 + 1120212002?
1121022202
In base 14, what is 1cb6607 + 17?
1cb6620
In base 13, what is a2a350 + 4?
a2a354
In base 7, what is 165243 + 24500?
223043
In base 11, what is 2a568aa + -140?
2a5676a
In base 14, what is 3748 + 39c?
3b06
In base 6, what is 24020333 - 21?
24020312
In base 9, what is -5 + 83623253?
83623247
In base 4, what is 122223 + -12112?
110111
In base 4, what is -1212313110 - 103?
-1212313213
In base 10, what is 3953966 + 122?
3954088
In base 9, what is -2013 + 1833?
-70
In base 4, what is 23 + -333000311003?
-333000310320
In base 13, what is b72 + -28305?
-27463
In base 11, what is 6814a1 - 65?
681437
In base 3, what is 101011 - 1001212210?
-1001111122
In base 9, what is 1104 + -8353?
-7248
In base 3, what is 11012111112 + -12110?
11012022002
In base 8, what is -37333777 + -4?
-37334003
In base 4, what is -102210310222 + 1011?
-102210303211
In base 16, what is -4 - -71cdeb?
71cde7
In base 10, what is 8820613 + 3?
8820616
In base 10, what is -54178 - -817?
-53361
In base 9, what is -4375 - 2762?
-7247
In base 9, what is -38823 - -1762?
-37051
In base 3, what is -10 + -2010012012110?
-2010012012120
In base 7, what is 31612414 - 4?
31612410
In base 6, what is -3 - 212033540?
-212033543
In base 2, what is -1000 + 10001011100100001011?
10001011100100000011
In base 3, what is -1010 + -2011022020001?
-2011022021011
In base 13, what is 172cbb + -7?
172cb4
In base 2, what is 11 - 1111100010111100000010000?
-1111100010111100000001101
In base 7, what is 1 + 102664223?
102664224
In base 16, what is 62 - 72bd2?
-72b70
In base 9, what is 1238588 - -5?
1238604
In base 12, what is -277536 + 62?
-277494
In base 16, what is 9c112 - -42a?
9c53c
In base 3, what is 12000110122102 + 11?
12000110122120
In base 8, what is -72 + -2621621?
-2621713
In base 16, what is -c08e46 + -19?
-c08e5f
In base 2, what is 101 + 1011110001001001111100?
1011110001001010000001
In base 5, what is -120440 - -244341?
123401
In base 3, what is 22121002121202022 - 12?
22121002121202010
In base 5, what is 2 + 302244414324?
302244414331
In base 4, what is -1 - 1032123022023?
-1032123022030
In base 14, what is -3 - -26d60a6?
26d60a3
In base 14, what is -352 + 1ca33?
1c6c1
In base 10, what is 281055 - -582?
281637
In base 9, what is -17274432 + -33?
-17274465
In base 16, what is -185a2 + 0?
-185a2
In base 2, what is 111001100111000 + 1011111101?
111011000110101
In base 13, what is 3 - -412ac5?
412ac8
In base 2, what is -110110011001111000101 + -1?
-110110011001111000110
In base 7, what is -11350520 + -2?
-11350522
In base 8, what is 1 + 1030335?
1030336
In base 3, what is -12 + 102212010022221?
102212010022202
In base 14, what is -81050 + 854?
-805da
In base 15, what is 35e9217 - -4?
35e921b
In base 9, what is 452065 - -64?
452140
In base 5, what is -241320230 - -41?
-241320134
In base 13, what is -66b438 - 16?
-66b451
In base 5, what is -2 + 1202214233?
1202214231
In base 2, what is -11101001100111 + 1000101101?
-11100000111010
In base 5, what is -413332214 + -10?
-413332224
In base 15, what is 0 + -d1d6a13?
-d1d6a13
In base 9, what is 141 - -23686?
23837
In base 12, what is -37404968 + -4?
-37404970
In base 6, what is -2450423 + 10102?
-2440321
In base 5, what is 143241 + 1032144?
1230440
In base 4, what is -32111010 + -122?
-32111132
In base 5, what is 4214433 + -11211?
4203222
In base 5, what is 233433 - -23441?
312424
In base 3, what is 112000 - -2120121102?
2121010102
In base 11, what is 111525 - -73a?
112164
In base 4, what is -1113213131131 + 1?
-1113213131130
In base 10, what is 49 + -11054093?
-11054044
In base 4, what is 11120 - 103033213321?
-103033202201
In base 12, what is 630909 + 40?
630949
In base 12, what is -3 + 7714bba?
7714bb7
In base 8, what is 5131 - -1072?
6223
In base 14, what is 23a0 + c1c?
31bc
In base 5, what is -322041333 - 11?
-322041344
In base 5, what is -422334 + 43?
-422241
In base 7, what is -5 - 1514114164?
-1514114202
In base 3, what is -200221112 - 121020?
-201112202
In base 3, what is 210210112001002 - -12?
210210112001021
In base 8, what is -5 + 10722673?
10722666
In base 12, what is 5 + -8b9960?
-8b9957
In base 16, what is -76906d + -44?
-7690b1
In base 7, what is -1 + 253036?
253035
In base 10, what is -113547 - -4151?
-109396
In base 16, what is -36ef6 - -1?
-36ef5
In base 8, what is 463623 + 142?
463765
In base 8, what is -4114 + 252?
-3642
In base 13, what is -637c8 - -417?
-633b1
In base 11, what is 0 + 3304490?
3304490
In base 9, what is -134 + -1510306?
-1510441
In base 4, what is -32322132330 + 321?
-32322132003
In base 3, what is -10222110022221 + -1?
-10222110022222
In base 15, what is 3 - 28a572?
-28a56e
In base 15, what is -17e5 - d62?
-2657
In base 9, what is -353533 - 61?
-353604
In base 9, what is -6 - 228343?
-228350
In base 11, what is -1302 + -493a?
-6141
In base 2, what is -100001010101111 + 10010011111010?
-1110110110101
In base 12, what is 12789933 - 1?
12789932
In base 11, what is 1307 - 18679?
-17372
In base 4, what is -3 - 23030111302?
-23030111311
In base 10, what is 357 + -1598739?
-1598382
In base 3, what is -22011010110202 - 10?
-22011010110212
In base 14, what is 16cad + 16c?
1703b
In base 11, what is -2a1 - 205159?
-20544a
In base 4, what is -211021113311223 - 11?
-211021113311300
In base 3, what is 2201010211 - 1211?
2201002000
In base 13, what is -68a589 + -1?
-68a58a
In base 11, what is -8865 - -1429?
-7437
In base 15, what is -1ed3470 - -3?
-1ed346c
In base 15, what is 2c - 8e25b6?
-8e2589
In base 2, what is -1 - 10001100001000011000101100?
-10001100001000011000101101
In base 10, what is -4643986 + 5?
-4643981
In base 3, what is 1222102210 - -1122?
1222111102
In base 14, what is 2355db9 + 17?
2355dd2
In base 4, what is -22300311123203 + 1?
-22300311123202
In base 3, what is -10001 - 212110201212120?
-212110201222121
In base 8, what is 350610576 - 5?
350610571
In base 8, what is 622200 + 3146?
625346
In base 14, what is 1899 + -36b8?
-1c1d
In base 6, what is -122031540 + 13?
-122031523
In base 13, what is 2aa - 8403?
-8126
In base 16, what is 7c85f9 + 1?
7c85fa
In base 9, what is 27820477 + -2?
27820475
In base 7, what is 5022136 - -11?
5022150
In base 9, what is 45 - -872235?
872281
In base 2,